 = 5*q + 7 - 52. Suppose -q*r = -7*r - 5781. Is r a prime number?
False
Let c(q) = 12*q**2 + 37*q + 1696. Is c(49) prime?
True
Let k = 484 + 801. Let x(z) = -z**3 + z**2 - z + 6. Let s be x(6). Let q = k - s. Is q prime?
False
Suppose -a + y - 1242 = 0, 14*a - 5*y - 6210 = 19*a. Let c = a + 2309. Is c composite?
True
Let y = 206 + -204. Is (4322/4)/(7/y - 3) prime?
True
Suppose 5*t = 2*a - 2075 - 2374, -3*t - 8933 = -4*a. Is a composite?
False
Let u be 21*10/((-90)/(-447)). Is -4 - (2 + (18/(-3) - u)) a prime number?
False
Let p(u) be the first derivative of -372*u**2 + 19*u - 85. Is p(-3) a composite number?
False
Is (-12 + 18 - -211641)/1 a prime number?
False
Let t(c) = 308*c**2 - 21*c - 11. Let q be t(-5). Let z = q - 1441. Is z prime?
True
Let c be (-6 + 6)/(-3 + (3 - -2)). Is 13*503 + c*13/78 composite?
True
Let f = 44 + -50. Let i be (-4)/f - (-11964)/36. Let c = 518 - i. Is c a prime number?
False
Is (1*-6)/(2136/(-253218172)) a prime number?
True
Let m = -26593 - -65339. Is m a composite number?
True
Let o = 2368 - 1031. Is o a prime number?
False
Let b(c) = 26*c**3 - 6*c**2 - 7*c + 5. Let w be b(-4). Let t = 1003 + w. Let j = t - -2571. Is j a composite number?
False
Suppose 50628 = -2*n + 14*n. Suppose -3*p - 5*i = -166342, p - 51210 - n = 2*i. Is p a composite number?
False
Suppose 3*k + 24092 = k. Let o = -7404 - k. Suppose o = 8*n - 6*n. Is n a composite number?
True
Let k = -157863 - -262880. Is k a prime number?
False
Let h(m) = 2360*m**2 + 6*m + 46. Let i be h(8). Suppose -954 = 12*n - i. Is n prime?
False
Let r(m) = 27*m**2 - 4*m - 24. Let l(s) = s**2 - s + 1. Let y(f) = -2*l(f) + r(f). Is y(6) prime?
False
Let h be (-1)/(-7 + 9)*13242. Let c = -2516 - h. Is c composite?
True
Let p(x) = -2587*x - 1682. Is p(-3) a prime number?
True
Suppose s = 5*v + 147, -5*v + s = -2*v + 89. Let g(a) = a**3 + 7*a**2 - 5*a + 18. Let b be g(-6). Let i = v + b. Is i a composite number?
True
Let r be (3 + -2)*(-4311)/(-3). Suppose 0 = s + 368 - r. Is s a prime number?
True
Let y(g) = 4983*g**3 - 6*g**2 - 15*g + 91. Is y(3) prime?
False
Is (-5 - (-19 - -12))/(4/110402) a prime number?
True
Is (-28)/(-2) - (-1305600)/425 a composite number?
True
Let q = -33 - -36. Suppose -q*c = 0, -u - 4*u + 5125 = -c. Suppose 0 = 3*s - 3*o - o - u, -3*s - 3*o = -990. Is s a prime number?
False
Suppose 179*d = 178*d - b + 8471, -3*b - 6 = 0. Is d composite?
True
Suppose -d = -4*v + 145497, 72761 = 49*v - 47*v - 3*d. Is v a prime number?
True
Let a = 1051928 + -703144. Suppose 0 = -17*p + p + a. Is p a composite number?
False
Is (-555039)/(-6) + (-1)/(-2) composite?
False
Let o be ((3 - 0) + -2)*(18 + -13). Suppose 2*s + 4 = 0, -o*m - 4*s = -6*m + 7005. Is m prime?
True
Let y = 513040 - 184497. Is y a composite number?
False
Let g be (-1)/((-35)/15 + 2). Suppose 3*y + w - 6479 = -g*w, -3*y = -w - 6454. Is y a prime number?
True
Let a = 237655 + -147428. Is a a composite number?
False
Let z be 12 - -7 - (5 - (3 - 0)). Suppose g = -g + 940. Let i = g + z. Is i a prime number?
True
Let y(x) = -599*x - 3. Let m be y(2). Let b = m + 338. Let i = 1714 + b. Is i prime?
False
Let a be (-2)/(-7) + 7906/14. Let v be (13/((-351)/198)*6)/(6/(-129)). Let o = v - a. Is o composite?
True
Let a = 25084 - 16279. Let c = 14 - 5. Suppose -c*q + 12*q = a. Is q composite?
True
Let j(c) = -203*c + 37. Let f(b) = -b + 7. Suppose -3*v = -15, 2*v + v = -3*r + 54. Let u be f(r). Is j(u) a composite number?
True
Let m(r) = 7*r + 16. Let q be m(18). Suppose q - 861 = -b. Is b composite?
False
Is (-84287475)/(-75)*(-3)/(-9) a composite number?
True
Suppose -4*u - 3*y = -556979, 454405 - 36692 = 3*u - 2*y. Is u composite?
False
Let c(f) = f**2 - 12. Let o be c(-5). Suppose -o*r = -7*r. Is (-167)/(1/(-6)*(2 - r)) a composite number?
True
Is (-104536 + -3)*(-22)/22 a prime number?
False
Suppose -4*d = 4 - 16. Let v be ((-84)/(-8))/d*2. Let x(o) = 48*o - 1. Is x(v) a composite number?
True
Suppose -121*v + 20 = -116*v. Suppose -5*c + 156435 = -7*m + 2*m, 5*c = v*m + 156433. Is c a composite number?
True
Suppose 5*l = -0 + 5. Let j be (-2)/(l + 1)*(5 - 6). Is (2 + (-2112)/(-18))*(4 - j) a prime number?
False
Let a(l) = 4*l**2 + 10*l + 1. Suppose -y + 96 = -4*x, 0*y - 4*x = 2*y - 240. Suppose -3*o - y = -91. Is a(o) a prime number?
True
Let y(b) = 158*b**3 + 5*b**2 - 4*b - 6. Let j be y(5). Suppose -j = -7*z + 1284. Is z composite?
False
Suppose 94*p + 949794 = -101*p + 27870129. Is p prime?
True
Let x be (0 + -1)/(5/(-120)*-4). Is (x/(-3) - 6) + 1443 a prime number?
True
Suppose 14*x + 22*x - 150367 = 1303349. Is x a composite number?
True
Let z(s) = -49*s - 6. Suppose 2*c + 4*h + 20 = 0, -4*h + 0*h - 14 = -c. Let b be z(c). Suppose -r = -b - 27. Is r prime?
False
Is (-454578)/(-3) - (-117 - -102) composite?
True
Is ((-3)/(-9))/((-3)/(-41247)) prime?
True
Suppose 0 = 109*j - 80*j - 8998613. Is j composite?
True
Suppose -3*c = h - 61004, 0 = -5*h + 91*c - 99*c + 304985. Is h prime?
False
Suppose -y + 621682 = -3*j, 2*y - 5*j + 267137 = 1510502. Is y a prime number?
False
Let o = 109534 + 343795. Is o a prime number?
True
Let g(o) = o**3 - 18*o**2 + 11*o - 24. Let t be g(19). Let c = t + -323. Is c a prime number?
True
Let g(l) = -2*l**2 + 22*l - 16. Let t be g(10). Suppose 2 - 24 = -4*y - 2*v, 0 = -t*y + 2*v + 26. Is (-8)/48 - (-5)/y*737 a prime number?
False
Suppose 4*s + 355302 - 6414419 = 3*y, -3*s - y = -4544354. Is s a composite number?
False
Let x = -39 + 43. Suppose -12 = 3*w, 12491 = x*a - 2*w + 591. Is a prime?
False
Let z be 30/(-20) + (-1173)/6. Suppose -504 = 2*g - g. Let x = z - g. Is x prime?
True
Let t = -6 - -8. Suppose t*u + 5*a - 14 = 0, u - 6*u + 3*a + 4 = 0. Suppose 4*x = -8, -u*x - 1564 + 6189 = 3*m. Is m a composite number?
False
Suppose 7*j + 2654 + 713 = 0. Suppose -1608 = -0*x - 2*x. Let p = x + j. Is p a composite number?
True
Let f(s) be the first derivative of 157*s**2 - 129*s - 135. Is f(5) composite?
True
Let f(l) = -l**2 + 23*l - 31. Let x be f(18). Suppose 3*d - 65 + x = 0. Suppose 2*t + 380 = 2*g - 50, -d*g + 410 = 3*t. Is g prime?
True
Let n be (-1 + -5)*560/(-32). Let f = 259 - n. Let i = f + 25. Is i composite?
False
Let g = 2040 - -1425. Suppose 3*q + g - 440 = 2*c, 5*q - 6039 = -4*c. Suppose o - 2*w = 1511, o - 4*w = -3*w + c. Is o a composite number?
False
Suppose -24*j + 23*j = 3*g - 54730, -3*j - 2*g = -164141. Is j composite?
False
Let z = -58532 + 138691. Is z prime?
False
Suppose 24*f + 8940 = 14*f. Is ((f/(-12))/(5/410))/1 a composite number?
True
Is 12/5*(-171390035)/(-1796) a prime number?
False
Let a = -715 + 1414. Let h = a - 86. Is h prime?
True
Suppose 0 = -n + 4*h + 7926, 4*h = -3*n + 7*n - 31656. Suppose 9*p = n + 4681. Is p a composite number?
False
Suppose -4*w - 5*o = -52, -o = -3*w + 8 + 12. Let b(h) = -5 - 2 + 12*h + 2*h + 22. Is b(w) composite?
False
Suppose 0 = 4*b + 2*n - 4764, 4*b = 7*b - 2*n - 3573. Suppose -v + b = -968. Is v a composite number?
True
Let o be 31 + 4/18 + 32/(-144). Suppose -23*n - 20264 = -o*n. Is n composite?
True
Is ((-3)/4)/((-27)/285672)*(-321)/(-214) a composite number?
False
Let y be (-40)/(-16)*(-32)/(-10). Suppose -8*v + 16 = -y. Suppose 0 = -4*g + 2*r - 7*r + 8597, v*g = 3*r + 6468. Is g prime?
True
Suppose -3*d + 43 = 3*j - 47, -5*d - 90 = -3*j. Let i = j + -25. Suppose -i*l - 890 = -10*l. Is l a composite number?
True
Let g(s) = 40*s - 8. Let k be g(2). Let h = k - 39. Suppose -32*u = -h*u + 553. Is u a composite number?
True
Let l(w) be the first derivative of 1249*w**2 - 89*w + 99. Is l(3) a prime number?
False
Let l(x) = 1160*x**2 - 7*x - 20. Is l(-3) a prime number?
False
Suppose 0 = -4*x - 2*x + 30. Suppose 5*f - 3*d = -d + 11041, d + 11038 = x*f. Is f prime?
True
Let c(v) = v**3 + 5*v**2 - 2*v + 1. Let p be c(1). Suppose 2*g + g - 8432 = -p*z, 4*g = -3*z + 11261. Is g prime?
True
Suppose -h = 9*h - h - 99369. Is h prime?
False
Suppose 68 = 5*a - 2. Suppose -11151 = -a*g - 1925. Is g prime?
True
Let b = 157252 - -475. Is b a composite number?
True
Suppose 31*n - 156772 = 257605. Is n composite?
False
Let q(f) = 2 - f - 11 - 13 + 3. Let a be q(-21). Is (-8)/((-160)/40825) + a/(-8) composite?
True
Let d be 1/9 - (-6566)/(-126). Let u = 469 - d. Is u prime?
True
Let l(i) = 254*i - 31. Let h be l(2). S